 Does 84 divide y?
True
Suppose 0 = 5*w - 10, 3*h - 14*w = -9*w + 4466. Is 8 a factor of h?
False
Does 5 divide (84/(-48))/((-1)/20)?
True
Suppose 2 = -3*r + 11. Suppose g + 14 = 5*h, -3*h - h - r*g = 4. Suppose 2*x + 56 = h*u + 6*x, 0 = -3*u - 4*x + 76. Is 7 a factor of u?
False
Let x(c) = -c**2 + 8*c - 3. Let t be x(5). Let v = 0 + t. Let o(f) = -f**2 + 17*f - 12. Does 27 divide o(v)?
False
Let a = -62 + 3029. Does 41 divide a?
False
Let v(c) = 14*c - 6. Suppose 8*q - 48 = -0*q. Does 26 divide v(q)?
True
Let d = 50 - 50. Does 22 divide -164*(d - (-15)/(-10))?
False
Suppose 9*c - 3088 = 3032. Is 69 a factor of c?
False
Let y(z) = -z**3 - 1. Let f be y(0). Let l be (1 - 1)*(f + 0). Suppose -5*c - 11 + 101 = l. Is 6 a factor of c?
True
Suppose 343 = 4*c - 6*u - 797, -4*c + 1140 = -5*u. Does 10 divide c?
False
Let c(n) = 3*n**2 + 3*n - 8. Let k be -4 + (-4 - -4) + 0. Is 10 a factor of c(k)?
False
Suppose 0 = -3*v + 5*x + 2447, -v + 789 = 3*x + 2*x. Is v a multiple of 24?
False
Let x(m) = 0 + 13 - 41*m - 6. Is x(-1) a multiple of 3?
True
Let x = -10 - -13. Suppose -x*h - 3 = 2*c, c - 2*h + 6 = -5*h. Suppose 6 = c*k - 2*k. Does 3 divide k?
True
Let u(h) = 13*h**3 + 5*h**2 - 36*h - 4. Does 24 divide u(5)?
False
Let h = -120 - -182. Is 19 a factor of h?
False
Let n = 25 - -19. Let a be (3 - 1)*n/8. Let i(w) = -w + 18. Is 7 a factor of i(a)?
True
Suppose -109 = 4*b - 5*g + 12, -5*b = -2*g + 130. Let m = -4 - b. Does 4 divide m?
True
Let t = 49 - 28. Suppose 5*z + 2*w = -0*z + t, 25 = 3*z - 5*w. Suppose 0 = -z*o - 25, 2*o = -3*f + 6*f - 61. Is f a multiple of 17?
True
Suppose -2 - 3 = 5*c. Does 17 divide (c/4 - 0) + (-1850)/(-40)?
False
Let f(s) = s**2 + 9*s - 8. Let c be f(-10). Suppose -2*y = 4*b - 16, c*y - 2*b - 2 = b. Does 2 divide y?
True
Let s(t) = 7*t**2. Let x be s(2). Let u be ((-1)/3)/(2/(-12)). Suppose -x = -u*y + y. Is 13 a factor of y?
False
Suppose 0 = -5*y - 4*d + 1305, -13*y = -14*y - 4*d + 245. Is 28 a factor of y?
False
Suppose -2*p + 0*p + 4 = 0. Suppose 7*y - p*y - 150 = 0. Is 10 a factor of y?
True
Suppose -1013 = -28*h + 163. Is 42 a factor of h?
True
Let p(f) be the third derivative of f**6/120 - f**5/5 - 2*f**4 - 2*f**3/3 - 4*f**2. Is p(16) a multiple of 14?
True
Let g(d) = 6*d - 19. Suppose -7*m = -14*m + 49. Is 3 a factor of g(m)?
False
Suppose -396 = -4*v + k - 5*k, 4*k = -2*v + 202. Is ((-18)/(-4))/(-3 + v/32) a multiple of 18?
True
Does 5 divide (19/(-2))/((-4)/(-80)*-2)?
True
Let v(b) = -b**2 + 12*b - 5. Let o be v(11). Let q(x) = 0*x**3 - 7*x**2 + 2*x**2 + x**3 + 3*x - 2. Does 25 divide q(o)?
False
Let t(k) = -k**3 + 8*k**2 + 2*k - 8. Let d be t(8). Let f = -3 + d. Suppose 5*q - 5*o = 405, 1 = -o + f. Does 22 divide q?
False
Let t be ((-2 - -2) + -4)/1. Let s = 22 + -16. Is 8 a factor of ((-66)/t)/(s/12)?
False
Suppose 6*p = 5*p - 5*b + 217, -476 = -2*p + 4*b. Is p a multiple of 29?
True
Let o(m) = -m**2 - m + 1. Let r(j) = 3*j**2 + 15*j - 20. Let n(y) = -6*o(y) - r(y). Is 17 a factor of n(6)?
True
Let v be (-5 + 3)*(-13)/1. Suppose 2*g - g = v. Is g a multiple of 13?
True
Suppose -3*d - 148 - 2 = 0. Let s be (d - 1)/(-5 - -4). Suppose -3*l = -2*l - s. Is l a multiple of 7?
False
Suppose 5*r - 22721 = -4616. Does 51 divide r?
True
Let c be 1918/126 + (-4)/18. Let m be (c - 156)/(6/(-4)). Suppose -2*s = -m - 48. Is 25 a factor of s?
False
Let x(u) = 2*u**3 + 6*u**2 - 4*u - 15. Let s be x(-5). Let w = -60 - s. Is 7 a factor of w?
True
Suppose 9*x - 3*x = 23154. Is 108 a factor of x?
False
Let d(p) be the third derivative of 13*p**5/30 - p**4/8 - p**3/3 - 3*p**2. Is d(-2) a multiple of 23?
False
Suppose 5*u - 64 = -s + 255, 0 = -u - 5*s + 83. Let j be 1184/18 + 14/u. Does 12 divide j*2/(-2 + 6)?
False
Let i = -732 + 1208. Is 7 a factor of i?
True
Let g(k) = 2*k**3 + 16*k**2 + k + 6. Is 10 a factor of g(-4)?
True
Let z be 2*(-3)/(-4)*(-30)/(-9). Suppose -4*b = -z*d - 76, -41 + 7 = -b + 5*d. Is 9 a factor of b?
False
Suppose -1049*g + 713 = -1048*g. Is 23 a factor of g?
True
Suppose -7*g + 759 = -18. Let a = -13 + g. Is a a multiple of 18?
False
Let u be 177/15 + 12/(-15). Let n = u - 7. Suppose -5*g = -0*f + f - 13, 2*f + n*g - 44 = 0. Is f a multiple of 12?
False
Suppose 14 = -4*x + 6*x. Suppose x*v - 132 = 3*v. Is v a multiple of 11?
True
Let x(w) = w**2 + 2. Let l be x(-4). Let t be (-34)/(-9) - l/(-81). Let m(q) = q**3 - 4*q**2 + q + 1. Is 5 a factor of m(t)?
True
Let b be ((-35)/14 - -3)/(2/8). Suppose -b*x + 485 - 154 = 5*m, -x - m = -173. Is 26 a factor of x?
False
Let a(q) = 3718*q + 62. Is 54 a factor of a(1)?
True
Let g(z) = -z**3 + 22*z**2 - 21*z + 30. Is g(21) a multiple of 6?
True
Suppose -143*n = -139*n - 2064. Does 4 divide n?
True
Suppose 3209 = o - 4*q, -3*q - 6423 = -106*o + 104*o. Is o a multiple of 18?
False
Does 12 divide (15 + -1)*1007/38?
False
Suppose -19*j - 42584 = -119439. Does 89 divide j?
False
Let c(f) = 8 + 3*f - 16 - 5*f - 8. Let l be c(-8). Suppose -2*y = -l*y - 2, -4*w + 2*y = -66. Is 6 a factor of w?
False
Let f(t) = t**2 - 4*t + 5. Let h(n) = -2*n**2 + 8*n - 10. Let z(w) = -13*f(w) - 6*h(w). Let x be z(5). Let j = x + 23. Is 13 a factor of j?
True
Let v be (-384)/(-27) + 12/(-54). Is 2 a factor of ((-4)/(-1) - 5) + v?
False
Suppose 0*c - n = c - 45, 5*n + 162 = 4*c. Is c a multiple of 8?
False
Let k(a) = -3*a**2 + 3*a + 10. Let v(x) = -4*x**2 + 3*x + 10. Let z(j) = 5*k(j) - 4*v(j). Is 3 a factor of z(-4)?
False
Let n = -16 - -11. Let o(c) = c**2 + c - 1. Let z(d) = 3*d**2 - 5*d - 11. Let v(f) = -4*o(f) + z(f). Is v(n) a multiple of 5?
False
Let x be (0*(-6)/(-36))/4. Suppose x = -3*t + 5*t - 386. Is 41 a factor of t?
False
Suppose 4*y + 16792 = 5*t, -152*y + 156*y - 13448 = -4*t. Does 24 divide t?
True
Let o(g) = 5*g**3 - g**2 - 7*g + 6. Let z be o(3). Suppose 2*b - 5*y = -0*b + z, -5*b = -y - 289. Is b a multiple of 4?
False
Let b(m) = 40*m + 12. Is b(16) a multiple of 36?
False
Let m(s) = s**3 - s**2 - 10*s - 8. Let v be m(4). Suppose v = 5*y - 2*h - 305, -5*h + 12 = y - 76. Is y a multiple of 21?
True
Let b = -10 + 360. Is 7 a factor of b?
True
Suppose c + 2600 = -3*g + 8277, -5*g + 3*c = -9485. Is 36 a factor of g?
False
Let m(f) be the second derivative of -f**4/12 + 3*f**3 - 17*f**2 + 26*f. Does 46 divide m(8)?
True
Suppose 5*s - 996 = -4*x, 3*x + s - 996 = -x. Suppose 0 = 3*w - 3*k - x, 4*k - 252 = -4*w + 56. Does 17 divide w?
False
Suppose 5*n - 2*w - 3303 = 0, 3*n + 2*w + 210 = 2179. Is n a multiple of 9?
False
Suppose 2*t = 2*b - 470, 900 = 4*b + 6*t - 2*t. Is 10 a factor of b?
True
Let u = -554 + 674. Does 10 divide u?
True
Let m(b) = -5*b**3 - 1. Let o(y) = y - 5. Let z be o(4). Let t be m(z). Suppose t*l + l = 140. Does 7 divide l?
True
Let z(v) = v**3 - 21*v**2 + 20*v - 24. Is z(21) a multiple of 99?
True
Let p(l) = 265*l**2 + 12*l + 28. Does 43 divide p(-4)?
False
Let o = -16 - -21. Suppose 2*t + o = 2*x + 23, 0 = -3*t + 5*x + 37. Suppose -u = -3*k + 83, t = -4*k - 3*u + 119. Does 7 divide k?
True
Let i = 12 - 30. Let a = i + 64. Suppose 2*t + 8 = a. Is 12 a factor of t?
False
Suppose -2*u - 17 = o, 0*u + 3*u - 2*o + 29 = 0. Does 7 divide 2*(3195/(-10))/u?
False
Does 105 divide ((-528)/11)/((-3)/214)?
False
Suppose 0 = 4*c + n - 191, 5*n - 55 - 36 = -2*c. Is c a multiple of 8?
True
Let n = 7 + -15. Is (n/(-12))/((-2)/(-180)) a multiple of 20?
True
Suppose 3*k - 15726 = t, -4*k + 6*k - 10474 = 4*t. Is k a multiple of 84?
False
Suppose -d + 4*d = 0. Let x = 8 - d. Suppose -385 = -x*n + n. Is 12 a factor of n?
False
Let z(p) = 673*p**2 - 3*p + 3. Is z(1) a multiple of 13?
False
Let o(f) = 2*f - 16. Let g be o(10). Suppose -2*u + 52 = -x - x, 0 = -2*u - g*x + 22. Is 6 a factor of u?
False
Let y = -23 - -1. Let x = -18 - y. Suppose 0*h = x*r + 5*h - 174, -50 = -r + 2*h. Is 27 a factor of r?
False
Let w(g) = -12*g + 1. Let i be -3*(-4)/(-12)*-8. Suppose 5*v - 3*v = -n + i, -4*n + 7 = 3*v. Is w(n) a multiple of 13?
False
Suppose 0 = -3*v - 4 + 10. Is 19 a factor of ((-57)/(-12))/(98/48 - v)?
True
Let n = -8 - -98. Suppose -9*m = -11*m + n. Is 5 a factor of m?
True
Suppose 2*n + 2*w - 796 = 0, 5*n - 3*w + 4*w - 1982 = 0. Does 6 divide n?
True
Let k = 144 + -70. Suppose 2*x - 42 = -2*l, -5*x - k = -5*l + 61. Is 6 a factor of l?
True
Let y(h) = h**2 - 16*h + 2. Let g be y(13). L